ndreds digit of ((-170)/8)/((-365)/724744)?
1
Let z(l) = l**3 + 4*l**2 - l + 26. Let g be z(-5). Let p(v) be the first derivative of -v**4/4 + 2*v**3 + 5*v**2/2 + 10*v + 2. What is the tens digit of p(g)?
4
Let n(p) = -66*p - 64. Let x = -227 - -220. What is the tens digit of n(x)?
9
Let s be (24/(-10))/(2/20). Suppose 2*x - 80 = 3*c, -3*c + 12*x - 100 = 14*x. What is the units digit of s/c + 3/15?
1
Let s(y) = 5*y + 3*y**3 - 10*y**3 - 6*y**2 + 7 + 8*y**3 + 14*y**2. What is the units digit of s(-7)?
1
Let w(o) = 55*o**2 + 51*o - 1335. What is the ten thousands digit of w(18)?
1
Let y be ((-38)/(-57))/((-2)/(-75)). Suppose -5*n = -y, -2*g + 2*n + 1051 = -467. What is the units digit of g?
4
Suppose 29*r = 26*r - 9. Let f(l) = -150*l - 41. What is the tens digit of f(r)?
0
What is the thousands digit of (-6)/(303212/405008 + 3/(-4))?
4
Let r = -149 - -242. Let l = -78 + r. What is the units digit of l?
5
Let q(a) = a**2 + a - 2. Let y(m) = -39*m**2 + 14*m - 76. Let o(j) = -3*q(j) - y(j). What is the hundreds digit of o(4)?
5
Suppose -2*h = -6, -2*h = -5*r + h + 26. Suppose r*y - 85 = 125. Let n = y - -125. What is the tens digit of n?
5
Let c = 4191 + -745. What is the units digit of c?
6
Suppose 49 = o - 36. Suppose -3*i = -o - 47. Let c = -13 + i. What is the tens digit of c?
3
Suppose 5*a + y = 13495, 2*a = -0*y - 5*y + 5375. Let j be 32/6 - (-2)/3 - 2. Suppose -j*i - 8*i = -a. What is the tens digit of i?
2
Let x = 97 + 11. Suppose 5*k + 10 = 0, -4*j - 5*k = -x - 182. What is the units digit of j?
5
Let o = 19 + 3. Suppose 3*f + 0*f - o = s, 20 = 5*f. What is the units digit of (-12078)/(-165) + 2/s?
3
Suppose -q - q = 2, 5*t + 3359 = q. Let h = 1027 + t. What is the tens digit of h?
5
Let l be (1 - 109/(-5))/(4/140). Let x = -19 - l. What is the units digit of x/(-9) + 2/9?
1
Let x be (((-14)/(-6))/7)/(1/15). Suppose -x*t = 2*c + c - 39, 5*t = 2*c - 1. Suppose -8 = -2*p + c. What is the units digit of p?
8
Suppose -6*r + 78 + 36 = 0. Suppose -r*q = -12*q - 4305. What is the tens digit of q?
1
Let r(t) be the third derivative of t**5/15 - 91*t**4/24 + 67*t**3/6 - 18*t**2 - 4. What is the tens digit of r(30)?
3
Suppose 0 = 6*q - 190 + 40. Suppose 4*v = 9*v - q, 0 = 5*f - v - 240. Suppose 45*d + 4 = f*d. What is the units digit of d?
1
Let x be (-2 - -1) + 1 + (-47 - -50). Suppose -5*j + 11 = -2*l, -x*l = -4*l - 3*j. What is the units digit of l + 6 + 294/3?
1
What is the tens digit of (-2 + (-30)/(-12))/(4*(-1)/(-96344))?
4
Let q = 687 + -378. Let h = -427 - -231. Let l = h + q. What is the hundreds digit of l?
1
Let q(y) = 235*y**2 - 3251*y + 32. What is the ten thousands digit of q(27)?
8
What is the hundreds digit of (-11 + 4)/(-7) + 7805?
8
Let h(b) = 6*b**2 + 18*b - 439. What is the hundreds digit of h(-26)?
1
Let d(p) = 14*p**2 + 129*p - 713. What is the ten thousands digit of d(64)?
6
Let b(n) = 19*n**3 - n**2 + n - 1. Let f be b(1). Let t = 31 - f. Suppose 5*r = t + 177. What is the tens digit of r?
3
Let p = 11 + -8. Suppose -4*m - 16 = q + p*q, -2*q + 2*m - 20 = 0. Let y = q - -54. What is the units digit of y?
7
Let p be 9 - (-4)/8*-2. Let b(x) = 12 - 535*x**3 + 16*x - 1 + 534*x**3 + p*x**2. What is the tens digit of b(8)?
3
Let r = -16 + 18. Let p be ((-13)/26)/((-2294)/(-1148) - r). Suppose -m + h - 37 + 138 = 0, 3*m + 5*h = p. What is the units digit of m?
9
Suppose 70*v = 78*v - 80. What is the hundreds digit of 2/(((-100)/(-3765))/v)?
7
Let r be 1/1 - 90/(-10). Suppose r*d - 50 + 0 = 0. Suppose -q + 619 = 2*q - d*p, -p - 611 = -3*q. What is the tens digit of q?
0
Let z = 51 + -47. Suppose -5*k - 3*m + 0 + z = 0, 2*k = -2*m. What is the tens digit of ((-259)/14)/(k/(-8))?
7
Let z(t) = -11*t + 17. Let l be z(8). Let i be (l/3)/(4/(-12)). What is the units digit of i - (3 - 11/(44/24))?
4
Suppose 6*l - 9*l = 12. What is the hundreds digit of 1530/l*16/(-20)?
3
Let f be (-18)/(-4) + -2 - 2/4. What is the hundreds digit of 5 + (f - 4) + 247?
2
Let q be 743 + ((-135)/36)/(6/(-8)). Let u = q + -333. What is the hundreds digit of u?
4
Suppose 548 = 20*y + 148. Let w(i) = i**2 + i - 5. What is the hundreds digit of w(y)?
4
Suppose 2*n = -3*y - 21, 10*y + 5*n + 10 = 11*y. What is the tens digit of (y - (-18340)/63) + 1/(-9)?
8
Let t(w) = -2*w**2 - 12*w + 6. Let o(l) = -2*l**2 - 10*l + 5. Let i(b) = -3*o(b) + 2*t(b). Let a be 4/((-1 - -4)/(-3)). What is the units digit of i(a)?
5
Let u(d) = 27*d**2 - 13*d + 8. Let v be u(5). Let m = v + -38. What is the units digit of m?
0
Let c(m) = -323*m - 1156. What is the tens digit of c(-11)?
9
Suppose 0 = 6*s + 10*s - 1152. Let a = s + -77. Let k(v) = 8*v**2 - 17*v + 5. What is the hundreds digit of k(a)?
2
Let v(a) = 86*a + 22. Let q be v(13). Suppose 8*n + q = 10*n. What is the units digit of n?
0
Suppose 3*g - 19*g = 24053 - 103717. What is the units digit of g?
9
Let p(l) = -2*l**2 - 11*l. Let g be p(10). Let i = -115 - g. Suppose k + i = 4*k. What is the units digit of k?
5
Let s(n) = n**3 - 6*n**2 + n - 4. Let r be s(6). Let u(z) = -7*z**r + z**3 - 3*z**3 + z**3 + 0*z - 13*z - 8. What is the units digit of u(-5)?
7
What is the units digit of 402 + -6 - (-8 + -5)?
9
Let b be (42/70)/((-26)/(-25) + -1). Suppose j - 2*j - 3*f + 1134 = 0, 2296 = 2*j - f. What is the tens digit of j/b + (-21)/(-35)?
7
Let m(t) = 2*t**2 - 7*t - 13. Let z be m(5). Suppose -4*i = g - 586, -4*g + 0*i - z*i + 2358 = 0. What is the tens digit of g?
9
Suppose -k = -3*b + 47072, -4*k = -4*b - k + 62761. Suppose -b = -29*l - 2786. What is the tens digit of l?
4
Let h(g) = -40*g - 117. Let w = -61 + 46. What is the units digit of h(w)?
3
Suppose 5*u + 2*z = 40447, -2*z - 2 = -14. What is the tens digit of u?
8
Suppose 0 = -2*j - 5*m + 34480, 4*m = -133 + 117. What is the tens digit of j?
5
Suppose -2*x - 3*x - 2*s = -56896, 3*x - 34153 = s. What is the units digit of x?
2
Suppose -s + 2*i - 1231 = 4*s, 0 = -4*s - 2*i - 992. Suppose 0 = -2*m + 1008 - 1204. Let y = m - s. What is the units digit of y?
9
Let t(g) be the first derivative of g**4/4 - 2*g**3 - g**2/2 + g + 67. What is the tens digit of t(9)?
3
Let p = 62 - 43. Let f be (-3 - p) + (-12)/(-3). Let n = f + 92. What is the tens digit of n?
7
Let w(v) = 12*v**2 - 57*v - 171. Let n be w(-3). Let p be -2*2/(-8)*22. Let q = p + n. What is the units digit of q?
9
Let x(h) = -2558*h**3 - 8*h**2 + 11*h + 7. What is the units digit of x(-3)?
8
Let b = 24 + -20. Suppose 2 = 5*w - b*a - 8, 0 = -4*w - a + 8. What is the tens digit of 226/4 + (-3)/w?
5
Let c be ((-6)/(-4))/(10/(-33900)). What is the units digit of ((5 - 1)/12)/((-5)/c)?
9
Let z(o) = 3*o**2 + 7*o + 3. Let a be z(-6). Let q be 4 + (78 + 3 - 2). Let n = q - a. What is the tens digit of n?
1
What is the hundreds digit of ((-1)/2)/((-13)/26) - -7154?
1
Let k = 54229 + -32128. What is the tens digit of k?
0
Let v(q) = -6*q**3 - 3*q**2 - q - 11. Suppose -z + 42*z + 205 = 0. What is the units digit of v(z)?
9
Suppose 2*d = 21 + 39. Suppose 419*m = 421*m - d. What is the tens digit of m?
1
What is the hundreds digit of (-27*1/(-12))/(1 + 277815/(-277824))?
4
Suppose -t + 15*t = -2*t + 80. Suppose -10 = -3*n + 5. Suppose -n*y + y - t*q = -95, 5*y = -2*q + 106. What is the tens digit of y?
2
What is the units digit of 40/30 - (-42258)/18?
9
Let i = 1033 + 3852. What is the units digit of i?
5
Suppose -11 = -k + r + 6, -3*k + 65 = 4*r. Suppose 0 = 30*x - k*x - 2244. What is the hundreds digit of x?
2
Let o(s) = -64 + 7*s**2 + 58 + 3*s**2 + 8*s. Let z be o(7). Suppose -3*c + 2*y = -0*c - z, -2*y + 6 = 0. What is the units digit of c?
2
Let a = -140 + 45. What is the units digit of 3/((-4)/(-10) - a/(-275))?
5
Let y = 82100 - 41790. What is the hundreds digit of y?
3
Suppose 0 = 4*n - 5*u - 25, -5*u = -6*n + 5*n + 10. Suppose n*v - 7 - 32 = -4*i, 4*v + 4*i - 32 = 0. What is the units digit of v?
7
Let a = 80 - 51. Let n = -30 + a. What is the tens digit of (-1928)/(-44) + n/(-11)*2?
4
Suppose -3*j + 1367 = -a, -3*j + 4*a = -88 - 1285. Suppose j*y - 451*y = 2452. What is the units digit of y?
3
Let s = 8576 + -5151. What is the tens digit of s?
2
Let m = 4376 + -3639. What is the tens digit of m?
3
Suppose 14*j + 42 = -14. What is the hundreds digit of (j/(-6))/(30/18090)?
4
Suppose -3486234 - 1289118 = 5*t - 143*t. What